5 - -4) + 2 + 4.
5
Calculate 2 + -3 + -2 + 2.
-1
What is (2 - (0 + 4 + -2)) + -1?
-1
5 + 0 - (-6 + (3 - -9))
-1
What is 4 + -2 + -7 - (-8 - 3)?
6
What is the value of 2 - (6 - (-1 + 4))?
-1
17 + -25 + 3 + 3
-2
Evaluate -3 - (30 + -45 + 4 + 0).
8
Evaluate 2 - 11 - -16 - (4 + 1).
2
Calculate -3 - -9 - 1 - 7.
-2
Evaluate (-12 - -11) + -7 - (-3 + 2).
-7
What is the value of 3 + (-10 - -2) + 3?
-2
What is -4 + 9 + (0 - 5)?
0
What is the value of -5 - (-2 + 2) - -3?
-2
-5 + 5 + (-3 - -2)
-1
-2 + 2 + 9 + -1 + -4
4
3 + 0 + (9 - 8)
4
What is the value of 8 - (5 - (12 - 6))?
9
12 - (-8 - -12 - 0)
8
Calculate 4 - 3 - (-8 - -5).
4
0 + (-4 + 5 - 4) - -6
3
Calculate -5 + (-6 - (-12 - 0)).
1
What is the value of -5 + 8 + 1 + 0?
4
What is the value of 0 - (-10 + 6 + 0)?
4
What is the value of (6 - 2) + 1 + (2 - 10)?
-3
Evaluate 4 - (-4 + 5 + 3).
0
Evaluate (-1 + -4 + 3 - 3) + 0.
-5
What is the value of (-10 + 6 - 0) + 8?
4
What is 2 + (3 - 0) + -11 + 6?
0
What is 2 + (0 - 0 - (-1 - -3))?
0
Calculate -7 + (5 - (1 + -7)) - -7.
11
Calculate (2 - 4) + 3 - -1 - 8.
-6
What is the value of -13 - -8 - 1 - -3?
-3
What is (-2 - 3 - 2 - -8) + -7?
-6
5 + (2 - -2) + -6
3
What is -2 - (-2 + 11 + -5)?
-6
What is -1 + 4 + (6 + -1 - 2)?
6
-2 - -3 - ((11 - 6) + -7)
3
What is the value of -6 + -2 + 2 + (0 - -1)?
-5
What is 2 + -3 + -2 + 7?
4
Evaluate 6 + 3 + (1 - 3) + -2.
5
Calculate -1 + 3 - (5 - (6 + -4)).
-1
Calculate 9 - (1 + 0 + (4 - 1)).
5
What is 2 - (6 - (5 - -7) - -4)?
4
Calculate -4 + (10 - 4 - 5).
-3
Calculate 9 - (8 - -1) - (-1 - -2).
-1
What is the value of 10 - (8 - (12 - 10))?
4
Calculate -7 - (-9 - -17 - 11).
-4
What is the value of -21 + 9 - 0 - -14?
2
Evaluate 4 + 4 + -1 - (3 + 0).
4
What is 13 - 1 - (23 + -2)?
-9
(1 - -4) + -1 + (-15 - -11)
0
Calculate 0 + (-1 + 2 - (2 - 3)).
2
-3 + 5 + -4 + 0
-2
Calculate 3 - (10 - -1 - (72 - 71)).
-7
Calculate (5 - -7) + -5 + -4.
3
What is the value of -4 + 8 + (3 - 1 - -2)?
8
What is the value of -1 + (0 - -2) + 2 + -6?
-3
Evaluate -6 + 8 + 0 - (-2 + 2).
2
13 + 14 + -11 + -20
-4
What is (2 - -2 - -3) + -2 + -3?
2
What is -1 + 3 + (-33 - -33) + -8?
-6
1 + 3 + 23 + -19
8
What is the value of -2 + (1 - -2) - 3?
-2
Evaluate 7 + (-4 - (-3 - -3)) + -3.
0
What is the value of -5 - (-2 + -17) - 6?
8
-5 - (-1 + (9 - 6) + -5)
-2
Evaluate (-6 - -8) + 0 + 3 + 0.
5
Calculate -5 - (-1 - 7 - -8).
-5
What is (58 - 51) + (-2 - 0)?
5
What is 0 + (1 - (-3 - (1 - 6)))?
-1
8 + 0 + 14 + -13
9
Calculate 1 - (7 - (6 + -3 + -1)).
-4
Calculate -13 - -2 - (32 + -41).
-2
Calculate (-8 - (-5 - -3)) + 11.
5
What is the value of (-4 - -3) + 5 - 0?
4
Evaluate (-3 - -1) + 2 + -4.
-4
What is the value of 2 - (-2 + (2 - (-1 - -1)))?
2
Evaluate (0 - -6) + 18 + -20.
4
What is 0 + (1 - (-2 + (0 - -1)))?
2
What is 9 + (9 + 0 - 11)?
7
Calculate (3 + -7 - -3) + 4.
3
9 + -5 + (-10 + 5 - -6)
5
What is the value of -3 + 8 + -1 + -2?
2
-4 - (0 + -4 + 1) - 0
-1
(4 - 6) + 4 + (5 - 2)
5
What is -7 - -2 - -3 - -4?
2
Evaluate -12 - (2 - (-2 + 10)).
-6
Evaluate 6 - (7 + -2 + 3).
-2
Evaluate 6 + (2 - 6) + 2 + -3.
1
What is the value of (4 - 3 - 3) + (-1 - 1)?
-4
What is the value of 0 - 0 - (13 + -11 + 2)?
-4
7 + (3 - (-3 + 0 + 10))
3
What is the value of (1 - 6) + (4 - -6) + -6?
-1
(-7 - (-1 - -2)) + 8 + -4
-4
Calculate 13 + (-34 - (-2 + -13)).
-6
Calculate -4 - (-2 - -3 - (4 + -4)).
-5
What is -4 + -1 + 14 + -14?
-5
What is (-10 - -4) + 12 + (-16 - -21)?
11
What is the value of 4 + -5 + 1 - (-3 + 8)?
-5
5 + (5 - 7) + 3 + -1
5
Evaluate 2 + -4 - (-1 + 4 + -1).
-4
Calculate -2 + 0 + 0 + -1.
-3
Evaluate 12 + (1 - 16) + -2.
-5
Calculate (21 - 22) + 5 + 0 + 1.
5
What is 1 - -2 - (-9 - (-7 + -4))?
1
Evaluate -3 + 3 + -4 + 3 - -6.
5
Evaluate 2 - (-3 - -7) - (6 - -3).
-11
2 + 1 + -2 + -1 + -2
-2
Calculate -5 - -17 - (3 + 4).
5
What is 3 + (7 + (4 - 8) - 11)?
-5
2 - (10 + -11 - (-8 + 1))
-4
Evaluate 18 - 8 - (-1 + 16).
-5
Evaluate 3 + 4 + (-11 - 1).
-5
(5 + -5 - -5) + -8 + -2
-5
Calculate -2 - (3 + -9 + 3 - 4).
5
(1 + 6 - 8) + -1 + 4
2
Evaluate -6 - (-8 + -2) - 3.
1
-2 + -2 + 1 - 1
-4
What is the value of (1 - 1) + 2 + (11 - 10)?
3
What is -5 + 7 - (8 + -1)?
-5
(2 - 4) + -8 - -3
-7
Calculate (-11 - -2) + 1 + 2 + 8.
2
Evaluate 0 + 3 - (6 - (3 + -3)).
-3
Evaluate 19 + -8 + (-11 - -9).
9
Calculate -1 + -2 + -26 + 30.
1
Calculate 13 + -4 - (2 + 0).
7
-6 - (6 + -7) - 1
-6
Evaluate 29 + -21 + 3 + -11.
0
Calculate (2 + 1 - 4) + 2.
1
What is -4 + 5 - (-52 + 48)?
5
Calculate 1 + 0 + (-14 - -12).
-1
Evaluate (-3 - -4) + 5 + -3.
3
What is (1 - 2 - (10 - 7)) + 7?
3
Calculate (-4 - -2) + (-1 - -7).
4
What is the value of -3 + -4 + (5 - 0)?
-2
Evaluate 10 + -10 + -5 + 13.
8
What is the value of -5 + -1 - -3 - -6?
3
Calculate 4 + (4 + -5 - -3) + 0.
6
What is 3 + (0 - -2) - 8?
-3
What is the value of 61 - 53 - (2 - -3)?
3
What is -4 - (-2 + 4 + -4 + -2)?
0
Evaluate (-6 - -12) + -5 + 2.
3
Calculate 0 + (-7 - -5 - (3 - 1)).
-4
What is (-3 - -4) + (-5 - (4 + -10))?
2
Calculate -1 + 1 - (2 + 4 + -9).
3
-5 - (-2 + 0 - 6)
3
Calculate 2 - (5 - -2) - 1.
-6
(3 - (2 + 0)) + -2 + -1
-2
What is the value of -3 + -3 + (-9 - (-4 + -8))?
-3
What is the value of 8 + (-15 - (-14 - -1))?
6
What is the value of 6 + (1 - 0) + (-90 - -90)?
7
4 + (-4 - (2 + -2))
0
Calculate 2 - (7 + -4 + -4).
3
Evaluate (-10 + 3 - -16 - -6) + -6.
9
What is the value of (-18 - -16 - (-1 + 1)) + 6?
4
Calculate -11 + 11 - ((0 - -2) + 0).
-2
What is the value of -1 - (-6 - -8 - 2)?
-1
Evaluate (-1 - (-2 + -2)) + -10 + 6.
-1
What is -6 - (-5 - (-6 - -1))?
-6
Calculate -2 - -1 - ((0 - 1) + 3).
-3
Evaluate 7 + (9 + -5 - 8).
3
Evaluate (-5 - (-10 - 5)) + -9.
1
What is the value of (1 - 7) + -35 + 38?
-3
Evaluate -45 + 39 - (0 + 0).
-6
Evaluate (-30 - -36) + -14 + 0 + 3.
-5
What is the value of -3 + (7 - (-1 + 1))?
4
Evaluate 4 + 1 + -5 + 2 - -3.
5
What is -4 + -1 - (6 - 10 - -5)?
-6
Calculate 149 + -139 + 1 + -10.
1
-6 - -5 - (2 - -2)
-5
Evaluate (-1 - (2 - -1)) + 1.
-3
What is (5 - 8 - (-6 + 1)) + 1?
3
What is 1 + (-3 - 11) + (5 - -2)?
-6
Calculate -4 + -4 + 6 - (-4 + 3).
-1
Calculate (-7 + 6 - -3 - 2) + 3.
3
What is the value of -8 - -11 - -7 - 4?
6
What is -1 + (0 + -4 - -9)?
4
Evaluate (1 - -2) + (15 - 13).
5
Evaluate (8 - 10) + -11 + 21.
8
What is 6 - 5 - -5 - 1?
5
What is the value of 6 + (3 - 3 - 1)?
5
Evaluate 5 - (-3 - (7 - 4 - 8)).
3
Calculate 5 + (-9 - 3) + 5.
-2
-3 - (2 - 0 - (4 - 7))
-8
(-9 + 1 - -4) + 3 - 6
-7
What is the value of 6 + -5 + -7 + (8 - 4)?
-2
Evaluate -15 - 0 - (8 - 19).
-4
What is 0 - -3 - -2 - (-16 - -10)?
11
What is 15 + -11 - (5 + 0)?
-1
Evaluate (-6 - -9) + (-4 - 0) - 4.
-5
What is 8 + (2 + -21 - -10)?
-1
Evaluate 5 + 1 - ((1 - -6) + -5).
4
What is 1 - (24 + -20 - (2 - -5))?
4
Calculate (0 - 2 - 0) + 1 + 6.
5
Calculate 160 + -150 + 1 + -15.
-4
Evaluate 3 + -4 + 4 - (-1 - -3).
1
Calculate 0 - ((0 - -1) + 4).
-5
Evaluate (-3 - 0 - -5) + 2 + -5.
-1
(7 - (9 - 7)) + 12 + -10
7
What is 0 - (-3 - (-4 + -2))?
-3
What is the value of 1 + 3 - -5 - 1?
8
(-11 + (4 - 4) - -5) + 0
-6
What is the value of -3 + -2 + (-3 - (-3 - 0))?
-5
What is 2 + (5 - (1 - -2))?
4
What is the value of (-27 - -37) + (-2 - 9)?
-1
What is 5 + (-2 - -3) + -4 + 2?
4
What is 6 + -13 + -3 + 14 + -4?
0
Calculate 10 + -11 - (-3 - -9).
-7
What is the value of -3 + (9 - (19 - 12))?
-1
What is -3 - (-7 - 1) - 4?
1
Calculate -1 - (-2 - (0 + -2)).
-1
What is (-11 - (2 - 8)) + 2 + 0?
-3
Calculate -11 + (0 + -11 - -21).
-1
-3 + -14 + 9 + (-2 - -14)
4
1 - (-6 + 11 + -3)
-1
What is (3 - 2) + (0 - 0)?
1
Evaluate -4 - 1 - (31 - 33).
-3
Evaluate 16 + -15 - (-3 - -1).
3
What is -2 + -2 + (-8 - -5) + 8?
1
What is (1 - 0) + -9 + 6?
-2
What is the value of (-1 + 8 - 15) + 12?
4
Evaluate -3 + 3 + (6 - 6 - 1).
-1
What is 2 + -9 + (2 - -5)?
0
Evaluate -3 - (4 + -5 + -2).
0
What is -1 + -4 - (11 - 4 - 8)?
-4
Calculate 0 + -3 + 4 - (7 + -1).
-5
What is the value of -4 + 8 - (9 - 1)?
-4
Evaluate 10 + (-5 + 3 - 15).
-7
2 + -6 + (-6 - (-14 + 4))
0
What is -1 - 1 - 2 - -5?
1
9 - ((-6 - 3) + 17)
1
What is the value of 8 + 0 - (3 - -2)?
3
Evaluate 3 - 2 - -4 - (-9 - -15).
-1
What is 0 + -5 + (6 - 4) + 2?
-1
Evaluate (-9 - -1) + 1 + (-33 - -37).
-3
Calculate 0 + 0 + 8 + -12.
-4
Evaluate -5 - (-7 + 3 + -14 + 6).
7
11 - (16 - (21 - 8))
8
Calculate 1 - (-3 + -1 + 2 + 3).
0
Eva